 c be w(0). Suppose 7 = 17*u - c*u. Let i(f) = 10*f**2 - 2*f. Determine i(u).
8
Let o(w) = -23984 + 0*w + 4*w + 11935 + 11970. What is o(11)?
-35
Let p(o) be the first derivative of -o**3/6 + 2*o**2 + 76*o - 184. Let w(i) be the first derivative of p(i). What is w(4)?
0
Let l(x) = -3*x**2 - x + 2. Let d(s) = 36*s - 105. Let p be d(6). Let n = p + -109. Determine l(n).
-12
Let m(r) = -281 - 277 - 279 + 1130 - 287 + 4*r. Calculate m(9).
42
Let b(a) be the third derivative of -5*a**4/24 - 11*a**3/6 + 403*a**2 + 2. Let x(i) = -2*i**2 + 43*i + 126. Let n be x(24). Determine b(n).
-41
Let f(j) = -j**2 + 5*j - 4. Let u(d) = 0*d - 2*d - 1 + 6*d. Suppose 1 = 6*g - 5*g. Let t be u(g). Calculate f(t).
2
Suppose -2*r + 0 + 2 = 0. Suppose -r = -h - 6. Let s(p) = -108 - 104 - 106 + 5*p - 115 + 2*p + p**2 + 437. Give s(h).
-6
Suppose 104*i = 1191 + 57. Let q(u) = -u**2 + 14*u - 29. What is q(i)?
-5
Let l(o) = o + 66. Let j(y) = 4*y**2 + 36*y - 56. Let i be j(-10). Give l(i).
50
Suppose -1895*p + 612 = -1963*p. Let a(v) be the third derivative of 1/60*v**5 + 5/12*v**4 + 0 + 0*v - v**2 - 5/3*v**3. Calculate a(p).
-19
Suppose -3*z + 23 = -4*l, -2*l - 9 = -3*z + 10. Let w(m) = 252*m**2 + 1 + 273*m**2 + 6*m - 526*m**2. What is w(z)?
6
Let x(k) be the first derivative of -k**3/3 - k**2/2 + k - 2. Let j(n) = -4*n**2 - 8*n. Let d(s) = -j(s) + 3*x(s). Determine d(-3).
-3
Let f(u) = u**2 - 3037 + 1511 + 1561 - 11*u. Determine f(8).
11
Let s(j) = j + 4 - j**3 + 12*j**2 - 6*j**3 + 6*j**3 - 13*j**2. Calculate s(2).
-6
Let n(b) be the third derivative of -b**6/120 + 3*b**5/20 - 7*b**3/6 + 2515*b**2 + 3*b - 5. Suppose -t + 3 = -6. What is n(t)?
-7
Let w(x) be the second derivative of -11*x**3/3 - 3*x**2 - 435*x + 1. Determine w(-1).
16
Let q = -23 - -20. Let f(z) = 4. Let x(g) = 7*g + 26. Let r(a) = 6*f(a) - x(a). Give r(q).
19
Let s(m) be the first derivative of m**4/4 - 2*m**3 - m**2 + 9*m - 1. Suppose 33*g - 229 + 80 - 49 = 0. Calculate s(g).
-3
Let m(g) = 6*g - 38. Let d = -6236 - -6241. Calculate m(d).
-8
Let w be 12/9*15 - (-4)/2. Suppose 0 = -2*k - w - 6. Let z = -13 - k. Let p(j) = 6*j. Give p(z).
6
Suppose -68 = -57*z + 33*z - 10*z. Let f(j) = j**2 - 10*j + 10. Calculate f(z).
-6
Let g(i) = 2*i - 2. Let p(r) = -r**3 - 7*r**2 - 12*r - 33. Let b(z) = z + 8. Let l be b(-19). Let a be ((-9)/12)/(((-44)/32)/l). Let j be p(a). What is g(j)?
4
Let m be -3*(3 + -8)*(-10)/(-25). Let c = -9 + m. Let y be 8/(-12)*c*(-1 - 1). Let k(b) = b**3 + 6*b**2 + 6*b. Give k(y).
8
Let b(u) be the second derivative of 11*u**3/6 + 27*u**2 - 347*u. Calculate b(-4).
10
Let c(b) = 12*b - 133 - 14*b - 8 + 160 - 12. Let q be ((-6)/15)/((-2)/10). Give c(q).
3
Let w = -3601 + 3608. Let a(s) = -s**3 + 5*s**2 + s + 7. Let g be a(5). Let n(j) = -8 + g - 2*j + 6. Calculate n(w).
-4
Let f(z) = -11*z + 129 + 35*z + 37*z - 66*z. Determine f(25).
4
Let a = 1 + -2. Let y(q) = -67*q**3 + 90*q**2 + 26*q + 3. Let p(o) = -111*o**3 + 153*o**2 + 44*o + 5. Let s(i) = 10*p(i) - 17*y(i). What is s(a)?
-28
Let n be (-6)/(-12)*(-2 - -1)*-246. Let a(y) = -2 - n*y**3 + 1 + 137*y**3 + 2*y. Suppose 2*s + 1 = 5*o + 4*s, 6 = -2*o - 4*s. What is a(o)?
15
Let t(n) be the first derivative of -4/3*n**3 + 238 + n**2 + 3/2*n**4 + 0*n. What is t(2)?
36
Let n(x) = -2*x - 1. Let c(m) = 14*m + 32. Let z(p) = 2*c(p) + 18*n(p). Calculate z(6).
-2
Suppose 10 = q + 2*v + 17, -5*q = v - 10. Let k = 9 - q. Let m(a) = -a**2 + 9*a - 7. Give m(k).
11
Let a be ((-28)/(-12))/(2/102). Let h(m) = a*m + 5*m**2 - 1 - 360*m + 125*m - m**3 + 118*m. Give h(5).
9
Let f = 8 + -6. Let b(t) = 61*t**f + 0*t**2 - 39*t**2 + t. Suppose -54*j = -38 - 16. Determine b(j).
23
Suppose -8*m + 242 = 3*m. Let q be (m/6 - 3)*-6. Let r be q/((-16)/(-12)) - 2. Let h(v) = 3*v + 5. Give h(r).
-10
Let k(i) = -3*i. Let u = 9 + -3. Let a(m) = -15*m + 2 - 2 + 33*m - 27*m. Let p(o) = u*a(o) - 21*k(o). Calculate p(1).
9
Let z(n) = 19*n - 7. Let r(u) = 6*u - 2. Let l(m) = -16*r(m) + 5*z(m). Suppose -x - o = -2*o - 10, -2*x - o = -29. Let y = x + -16. Give l(y).
0
Let a(m) = -m**2 + 5*m - 5. Let q(j) = 2*j**2 - 8*j + 11. Let b be q(5). Suppose -b = -u - 9. Suppose 0*c = 2*c - u. Calculate a(c).
-11
Let z(k) = k**2 + 10*k - 26. Let s(p) = -72*p - 2817. Let y be s(-39). What is z(y)?
-35
Let n(h) = h**2 - 70*h + 929. Let x be n(53). Let q(d) = -2*d + 4. Calculate q(x).
-52
Let k(p) = -p**3 + p**2 + 4*p + 1. Let c(q) = 9*q**2 - 47*q + 58. Let w(b) = -4*b**2 + 24*b - 29. Let x(z) = -3*c(z) - 7*w(z). Let v be x(26). What is k(v)?
-5
Let t be (-154)/(-33) - (-6)/(-9). Suppose -6 + 0 = i + t*h, 2*h = -3*i + 12. Let l(c) = c**3 - 5*c**2 - 4*c - 7. What is l(i)?
5
Let i(c) = -11*c**3 + 28*c**2 - 34*c + 8. Let u(t) = 3*t**3 - 5*t**2 + 2*t. Let a(n) = -i(n) - 4*u(n). Determine a(-11).
69
Suppose 2*g = 5*m + 54, m + 2*g + 18 = 6*g. Let l(n) be the third derivative of 0 + 0*n - 3/8*n**4 - 8*n**2 - 1/60*n**5 + 1/3*n**3. Calculate l(m).
-8
Let v(i) = -11*i - 8. Let w(g) = 21*g - 17*g - 8*g. Let s(p) = v(p) - 3*w(p). Calculate s(7).
-1
Suppose -32 = 5*w + 2*o, 2*w - 34*o + 7 = -29*o. Let j be (-38)/w - (-3 + (-50)/(-15)). Let l(y) = y - 12. Determine l(j).
-6
Let b(w) be the second derivative of 1 + 1/12*w**4 + 7/2*w**2 + 2/3*w**3 + 21*w. Calculate b(-5).
12
Suppose -25*a + 27 = -103 + 30. Let r(t) = -4*t - 4. Give r(a).
-20
Let h(p) = 4*p + 26. Let q be h(6). Suppose -5*d + 7*j - 11*j + q = 0, -j - 33 = -2*d. Let t(o) = o**3 - 13*o**2 - 14*o + 8. Calculate t(d).
8
Suppose -127 = -7*j - 71. Let y(n) = n**2 + n - 62. Give y(j).
10
Let k(o) = -o + 3. Suppose 2*t - 54 = -5*u, -4*u - 2*t + 48 = 2*t. Let y be ((-16)/(-8))/(u/15). What is k(y)?
0
Let p(r) be the second derivative of -r**4/12 + 4*r**3/3 - 2*r**2 - 23*r - 2. Calculate p(4).
12
Let q = 46 - 16. Suppose -2*p + 3*x + 17 = 0, -2*x - q = -2*p - 12. Let r(g) = -7*g + p - 205*g**2 - 3*g + 206*g**2. What is r(7)?
-11
Let s = -105 - -107. Suppose -5*q = p + p + 35, -s*p - q - 15 = 0. Let m(c) = -c**3 - 5*c**2 - c + 11. Determine m(p).
16
Let q(p) = -11 + 2494*p + 2515*p - p**2 - 5018*p. Let d be 5*(36/(-10) + 2). Give q(d).
-3
Let n(v) be the first derivative of -v**4/4 + v**3/3 + v**2/2 + 31. Let u(m) = 3 + 2 + 19*m**3 + m**2 + 9*m - 23*m**3. Let r(f) = 3*n(f) - u(f). Give r(-4).
-13
Let m(c) = 2*c**2 - 2. Suppose -g = 4*a - 5, -a + 5 = 4*g - 3*g. Suppose g*d - 18 = -28. What is m(d)?
6
Let a(f) = -f - 37. Let v(z) = -3*z - 144. Let o(r) = -4*a(r) + v(r). Determine o(25).
29
Suppose -4*w - r + 5 = 0, 3*r = 10*w - 9*w + 15. Let u(f) = -9*f**2 - 2*f + 4. Let a(j) = 2*j**2 + j - 1. Let y(z) = 4*a(z) + u(z). Calculate y(w).
0
Let s(m) be the second derivative of m**6/360 - m**5/60 + m**4/24 - 65*m**3/2 + 177*m. Let f(t) be the second derivative of s(t). Give f(4).
9
Let r(o) = -13*o**2 - 10*o**2 - 13*o**2 + 7*o + 13 + 37*o**2. Let t be r(-5). Let u(j) = -4*j - 6*j**2 + 4*j**2 + 1 - j**2 + j**3 + j**2. Determine u(t).
-2
Let d = 5370 - 5374. Let j(l) = -3*l - 3. Determine j(d).
9
Let d(z) = -5*z**2 - 4*z - 3. Let u(r) be the third derivative of -r**5/60 + 16*r**2. Let c(w) = d(w) - 4*u(w). Let k = -9 + 6. Calculate c(k).
0
Let f(c) = -42*c - 40. Let l(b) = -20*b - 22. Let m(d) = 6*f(d) - 13*l(d). What is m(-6)?
-2
Let c(u) be the third derivative of -u**4/24 - 4*u**3/3 - 2213*u**2. What is c(-13)?
5
Let w(d) = -1648*d + 3345*d - 1671*d + 6. Calculate w(1).
32
Let b(h) = h**3 - 9*h**2 + 2*h - 2. Let f = 60 - 55. Let s(q) = q**2 + 7*q + 15. Let j be s(-10). Suppose 0*y - j = -f*y. Give b(y).
16
Let c = -253 + 316. Let f(a) = 78 - a + c - 127. Give f(13).
1
Let v = -414 - -452. Let g(n) = -78*n**2 + v*n**2 + 42*n**2 + 3*n + 1. Let a(s) = 4*s**3 + s**2. Let o be a(-1). Calculate g(o).
10
Let b(q) = 4*q**2 - 13*q + 21. Suppose 5*p + 11*n - 8*n - 26 = 0, -2*p - 5*n = -18. Give b(p).
33
Let t(w) = 9*w + 25. Let x be t(-6). Suppose -78 = 4*l - 7*l. Let v = x + l. Let a(z) = -z**2 - 5*z - 2. Calculate a(v).
4
Let x(n) = -n**3 - 8*n**2 - 8. Let a be 2 + 5/(-1) + 6. Suppose -16*p + 2*j = -20*p - 42, 2*p - a*j + 1 = 0. What is x(p)?
-8
Let k(m) = 2*m. Let s be k(1). Suppose -s*f - 22 = -32. Suppose 4*d + f*w + 57 = 0, -10 = d + w + 3. Let i(b) = b**2 + 8*b - 6. Determine i(d).
-6
Let r(y) be the first derivative of y**4/2 - 3*y**3 + 4*y**2 - 10*y - 917.